on factor of c and f.
10
Suppose -3*i = o + 20, -2*o + 7*o = -i - 114. Let h = o + 35. Let c = 206 - 146. What is the greatest common factor of h and c?
12
Let o be (-16)/(-10) + 24/60. Calculate the highest common factor of o and 8.
2
Let d(v) = -4*v - 2. Let x be d(-5). Calculate the greatest common factor of 6 and x.
6
Let z be 12 - (-3 + (-4)/(-2)). Let k = 77 - z. What is the greatest common factor of k and 16?
16
Suppose 2*q = -q - 2*m + 6, 0 = -2*q - 3*m + 4. Suppose q*f - f = 15. What is the greatest common divisor of 6 and f?
3
Let s = -1 - -18. Let z(n) = -n**3 - n**2 + 4*n + 5. Suppose -4*m = 31 - 11. Let r be z(m). What is the greatest common factor of s and r?
17
Let l = 27 - 19. Suppose -3*n = -l*n + 60. What is the highest common factor of 4 and n?
4
Let j be (-1 - -7)*(-1)/(-3). Suppose -j*t - 60 = -160. Let b be -2 - (-10 - (0 + 2)). What is the greatest common divisor of t and b?
10
Suppose -10 = -g + a, a = -4*g - g + 56. Suppose 0 = 3*c + 16 - 4. Let u be (-2)/c - 964/(-8). What is the highest common factor of g and u?
11
Let o be 6/(-4)*(-24 + 2). Calculate the highest common divisor of 3 and o.
3
Let q be (-2)/5 - 1727/(-55). What is the highest common factor of q and 62?
31
Let y(a) be the second derivative of -a**3/2 - 3*a**2 - a. Let h be y(-6). Let c be 1 - (372/(-4) + -2). What is the greatest common factor of h and c?
12
Let o be (9/(-5))/((-6)/10). Calculate the greatest common factor of o and 3.
3
Suppose i - o + 31 = 2*i, -5*i - o = -139. What is the greatest common divisor of 27 and i?
27
Suppose 0 = -s + 3*f + 67, 0 = -3*f - 14 - 1. Suppose 2*r - 4*r - 32 = 3*t, s = -4*r - 3*t. Let u = -1 - r. Calculate the highest common factor of 45 and u.
9
Suppose t = 4*t - 150. Let b = 100 - t. What is the greatest common divisor of 125 and b?
25
Suppose -10*o = 4*o - 756. What is the greatest common divisor of o and 216?
54
Let j = 9 + -6. Suppose -j*a + 167 = -13. Let c = 4 + 16. What is the greatest common divisor of a and c?
20
Let v(h) = h**2 - 12*h - 3. Let p be v(13). What is the greatest common divisor of p and 10?
10
Let f = 44 + -27. Let y = -5 - -9. Let a be (-410)/(-3) - y/6. What is the highest common divisor of a and f?
17
Let t be 40/15 + 2/(-3). Let k be (0 - 0) + t - -1. Suppose 2*n = 4*i - 1 - 7, -i + 9 = k*n. What is the highest common divisor of 27 and i?
3
Let q(j) = -j**3 - 12*j**2 - 2*j - 14. Let v be q(-12). Let g = 17 - v. Calculate the highest common divisor of 56 and g.
7
Suppose 0 = -t - 2*f - 0 + 4, -53 = -2*t + 5*f. Let g = -2 + t. What is the greatest common divisor of g and 132?
12
Suppose 2*b = -0*b + 24. Let m(y) = -y - 1. Let n be m(-5). Suppose n*z + z - b = -a, -3*a + z = -68. What is the greatest common factor of a and 33?
11
Let u = -77 - -83. Calculate the highest common divisor of 24 and u.
6
Let n = -16 + 26. Calculate the greatest common factor of 4 and n.
2
Let i be -6 + 2 - (-34 + 0). What is the highest common factor of i and 75?
15
Let l(t) = -4*t**3 - 4*t**2 - 3*t - 1. Let z be l(-2). What is the highest common divisor of z and 84?
21
Suppose -800 = -29*z + 24*z. What is the highest common factor of z and 32?
32
Let i be (-1)/(-5) + 31/(-5). Let m be (-27)/i*(-122)/3. Let u be m/(-18) + 1/(-6). Calculate the greatest common factor of 25 and u.
5
Suppose -4*w - 65 = -9*w. Suppose -13 = -2*k + w. What is the highest common factor of k and 117?
13
Let h = 3 + -11. Let d = 15 + h. What is the highest common divisor of d and 7?
7
Let z = -104 - -107. Let q be ((-12)/(-10))/(4/10). Calculate the greatest common factor of q and z.
3
Let i = -13 + 66. Let t = -31 + i. Let r = t + 29. What is the highest common factor of r and 34?
17
Suppose -2*s = s - 6. Suppose 5*h + 77 = s*v, 3*h + h = -5*v + 110. What is the highest common factor of 13 and v?
13
Suppose 40 = -0*h + 4*h. Let n = h + -6. Calculate the highest common factor of n and 2.
2
Suppose 0 = x - 65 + 57. Calculate the greatest common factor of x and 1.
1
Let v = 79 + -142. Let c be (-14)/v - (-88)/9. What is the greatest common divisor of 100 and c?
10
Suppose 3*a - 2*f + 373 = 1355, -2*a = -5*f - 640. What is the greatest common factor of 30 and a?
30
Suppose -2*n + 3*g + 107 = 0, -4*n - n + g + 235 = 0. Let f be (-2)/(n/(-42) + 1). Calculate the greatest common divisor of f and 14.
7
Let l = 28 - -8. What is the highest common factor of 4 and l?
4
Let v = -14 - -7. Let a = 19 + v. What is the greatest common divisor of a and 132?
12
Let n(l) = -l**2 - 13*l - 9. Let s be n(-13). Let a be (-2)/(-9) - 214/s. Calculate the greatest common factor of a and 6.
6
Let c be 0/(-3) + (-1 - -18) + -3. Suppose 2*r - 249 = 2*s + 9, -2*r - 2*s + 246 = 0. What is the highest common factor of r and c?
14
Let k be 84/36 + (-2)/(-3). Suppose -k*v + 11 = -7. Calculate the highest common factor of v and 12.
6
Suppose -3*u + 3*f = -24, u + 12*f + 12 = 9*f. Let t be (-145)/(-7) - (-8)/28. What is the highest common divisor of u and t?
3
Let k = 8 - 6. Suppose k*z + 2*z = -2*a + 20, -22 = -4*a - 2*z. What is the greatest common divisor of a and 12?
4
Let o be (12/(-2))/(27/(-90)). Calculate the highest common factor of o and 60.
20
Let f be ((-2 - -2) + 1)/(-1). Let i be (0 - f) + -6 + 1. Let s be (2 - (-30)/i)*-20. What is the greatest common factor of 10 and s?
10
Let c(n) = n**3 + 11*n**2 - 3*n - 16. Let u be c(-11). What is the greatest common divisor of 51 and u?
17
Let l(r) = -r**2 + 3*r - 1. Let p be -2 + 5/((-10)/(-8)). Let i be l(p). Let b be (15 - -4)*5/i. What is the greatest common factor of 19 and b?
19
Let i be (-114)/(-9) + (-2)/3. Suppose -4*p + 21 = 1, 2*u = -5*p + 289. What is the greatest common divisor of i and u?
12
Let z = 86 - 31. Calculate the greatest common divisor of 5 and z.
5
Suppose 3*h = -h + 208. Suppose 2*o - 2*z - h = 0, -3*z - z + 136 = 4*o. Calculate the greatest common factor of 75 and o.
15
Let a = -26 - -43. Suppose a = k + 2*z, -4*z = -5*k + 3*k + 18. Let y = 38 + -25. What is the greatest common divisor of y and k?
13
Let s(i) = i**2 - 12*i + 11. Let o be s(11). Suppose o = v + 4*v - 5. Calculate the highest common factor of 9 and v.
1
Let z(s) = -9*s - 3. Suppose -4*l - 8 = 4*k, 5*l = 4*k - 0*k + 26. Let w be z(k). Let i be -3 + (0/2 - -25). Calculate the highest common divisor of i and w.
11
Let z(l) = l**2 - 4*l - 3. Let p(r) = 2*r**2 - 7*r - 5. Let b(a) = 3*p(a) - 5*z(a). Let g be b(-1). Calculate the greatest common divisor of 10 and g.
2
Let n(t) = 2*t**3 + 6*t**2 + 8*t**3 - 5*t**2 - t. Let r be n(1). Let b = 102 + -32. What is the highest common factor of r and b?
10
Let h be (-66)/(-8) + (-1)/4. Let g(f) = 5*f + 5. Let y be g(h). What is the highest common divisor of 15 and y?
15
Let g = 92 + -87. Suppose 0 = -2*y - 0*y + 80. What is the highest common divisor of g and y?
5
Let c = 8 + -5. Suppose 25 = c*a - 50. Let d be (-3)/(-3)*10/2. What is the highest common factor of d and a?
5
Suppose 0*d = d - p - 9, 4*p = -3*d + 20. Let k be 222/8 + (-2)/(-8). Suppose 0 = -g + k + 28. What is the highest common divisor of g and d?
8
Let q(k) = k**2 + 4*k + 5. Let w be q(-5). What is the greatest common divisor of 25 and w?
5
Let r(x) = x**2 - 5*x. Let b be r(-4). Suppose 196 - b = 4*u. Let f be -4*(2 - (-9)/(-2)). What is the greatest common divisor of f and u?
10
Let v(a) = 4*a. Let n be v(3). Suppose 3*g = 5*b + 4*g - 136, 4*g = -b + n. Suppose -10 = -2*l + b. What is the highest common factor of 133 and l?
19
Let b = -52 + 26. Let a = b + 36. What is the greatest common factor of a and 40?
10
Let x = 24 - -46. Let a be 18*8*2/6. Suppose -2*s + 5*h = 2*s - a, -2*s + 10 = h. What is the highest common factor of s and x?
7
Let x(m) = -m**2 + 9*m - 6. Let o be x(8). Suppose -o*d = d - 3. Calculate the greatest common divisor of 5 and d.
1
Let a be 2/4 + (-289)/(-34). Calculate the highest common divisor of 6 and a.
3
Let a be (-60)/((-1)/(-3)*-3). Let j(r) = 5*r**2 + r - 4. Let u be j(4). Let o = u + -56. What is the highest common factor of a and o?
12
Let d(q) = 4*q**2. Let y be d(1). Suppose -9 = -2*z - 3*l, y*l - 21 = -5*z + 12. What is the highest common factor of z and 9?
9
Suppose 0 = s - 3*h + 7, -2*h = 4*s - 3*h - 27. Calculate the highest common factor of 16 and s.
8
Let z(o) = -o**3 - 9*o**2 